 - j. What is the units digit of n?
5
Let v = -843 + 897. Suppose -v*j + 61*j - 5754 = 0. What is the units digit of j?
2
Suppose 27*n - 28*n = -k + 20906, 3*k + 16*n = 62775. What is the ten thousands digit of k?
2
Let z = -36910 - -59070. What is the tens digit of z?
6
Suppose 5*y + 3 = 3. Let c be y - (-1 - (70 + -3)). Suppose -m + 26 = -c. What is the tens digit of m?
9
Suppose -3630 = -2*n + u + 16308, -2*n + 19938 = -5*u. What is the units digit of n?
9
Suppose 4*v = 2*j + 130070, 0 = j - 23 + 22. What is the tens digit of v?
1
Suppose -9 = 3*n, 5*f - 3*f - n - 13 = 0. What is the hundreds digit of f - 615/(2 - 7)?
1
Let n(w) = 433*w**2 + 43*w + 150. What is the tens digit of n(-6)?
8
Let u = -158 + 301. What is the thousands digit of u/2*20 + 22 + -26?
1
Let y(i) = -i**3 + 91. Let g be (-21)/(-35) + 34/10. Suppose p + q = -1 - 2, g*p + 5*q + 15 = 0. What is the tens digit of y(p)?
9
What is the units digit of 1302129/189 - -6*3/42?
0
Let l = 5542 - 308. What is the tens digit of l?
3
Let x = -15 + -120. What is the units digit of (-2)/15 + (-19728)/x - -5?
1
Let t = 25 - 21. Let b(g) = -265*g - 65. Let d(j) = 12*j + 3. Let k(i) = 4*b(i) + 90*d(i). What is the units digit of k(t)?
0
Let f = 158 + -149. Let k(x) = 8*x**2 - 9*x - 27. Let g(i) = i**2 + i. Let h(d) = -5*g(d) + k(d). What is the units digit of h(f)?
0
Let q(t) = -9*t + 408. Let u be q(29). Let c = 162 + u. What is the hundreds digit of c?
3
Suppose 15*x - 120 = -9*x. Suppose 0 = -x*s + 4 + 6, 2*g + 4*s = 1070. What is the units digit of g?
1
Let g be 10639/(-11) + 14/77. Let y = -508 - g. What is the units digit of y?
9
Let m = 35 - 30. Suppose 25 = 8*x - 3*x - 2*c, -x + m*c = -5. Suppose 5*g = -2*q - 1, -q - 22 = -2*q + x*g. What is the units digit of q?
7
Let i = -3177 + 50200. What is the hundreds digit of i?
0
Let n be 4*(-3)/(-2) - 4. Suppose s - 532 = n*l, l = 3*s - 1868 + 262. What is the hundreds digit of s?
5
What is the units digit of 4/(-4) - (760/25)/(6/(-1560))?
3
Suppose 25*h + 2702560 = 158*h. What is the ten thousands digit of h?
2
Suppose -32864 = -18*u + 724. What is the hundreds digit of 1/2*(-5 + 5 + u)?
9
Let r(i) = 56*i**2 + i + 3. Let q be r(-2). Suppose u = 21 + 90. Suppose -4*v + 2*g = v - q, -u = -2*v + 5*g. What is the units digit of v?
3
Suppose -204*t + 290908 + 3096688 = -1175068. What is the tens digit of t?
6
Let h = -4526 + 7984. Let n = -2336 + h. What is the hundreds digit of n?
1
Let x(u) = u**2 - 2*u + 2. Let y be x(2). Let w be 12/(-8)*7*y. What is the tens digit of w/14 + (-166)/(-4)?
4
Suppose 17*b = 13*b + 20. Suppose -b*v + 1424 = -x + 174, 0 = x. What is the hundreds digit of v?
2
Suppose 0 = c + 5, 5*c - 46523 - 14640 = -4*m. What is the thousands digit of m?
5
Suppose -4*x = 4*t + 8 + 4, 2*x + 3*t + 8 = 0. What is the units digit of 1229 + (-4)/x - 1*3?
0
Let n = -11650 - -27076. What is the thousands digit of n?
5
Let k = 809 + 125. Suppose k + 164 = 2*t. What is the tens digit of t?
4
Let d(c) = 4072*c - 8148. What is the ten thousands digit of d(7)?
2
Let w = -206 - -77. Let k be (-30 + 10 - -13) + 10/(-2). Let f = k - w. What is the tens digit of f?
1
Let i(c) = 27*c - 135. Let w be i(-17). What is the hundreds digit of 4/((-8)/6*9/w)?
1
Suppose 36*s = 10*s + 382018. What is the thousands digit of s?
4
Suppose -3*i - 214 = -5*i. Let u = 178 - i. Suppose 2*q - d - u - 94 = 0, -3*d = 4*q - 345. What is the tens digit of q?
8
Suppose -1800074 = -74*w + 2259936. What is the tens digit of w?
6
Let m = -73 + 79. Let a(i) = i. Let q(t) = 9*t - 34. Let k(v) = m*a(v) - q(v). What is the units digit of k(-30)?
4
Suppose 16*w - 158 = 1170. What is the tens digit of w?
8
Suppose 4*t + 2*d = -t + 120, -72 = -3*t + 4*d. Suppose 0 = 29*l - 31*l + t. What is the tens digit of l?
1
Suppose 316 = 5*f - 3*g, 0 = 3*f - 2*f + 2*g - 71. Suppose -19*o + 180 = -14*o. Let k = o + f. What is the tens digit of k?
0
Suppose p + 13446 = 4*z, -3*p + 7*p = -3*z + 10094. Suppose 0 = -10*f + z + 7448. What is the thousands digit of f?
1
Suppose 8*p - 18799 = -12623. What is the tens digit of p?
7
Let s(h) = 2*h**2 + 25*h - 48. Let z be s(17). Suppose -4*t + 450 = 4*l - 510, z = 4*l + 5*t. What is the hundreds digit of l?
2
Suppose 5*j - 4*t - 223 = 0, t + 83 + 48 = 3*j. Let x = j - 40. Suppose 0 = -x*h + 362 + 265. What is the hundreds digit of h?
2
Let j(r) be the first derivative of -5*r**2/2 - 7*r + 16. Let s be j(-2). Suppose 4*m = -n + 112, 2*m - 194 = n - s*n. What is the tens digit of n?
9
Let o be (-209)/(-5) - (-32)/(-40). Suppose -43*g + 792 = -o*g. What is the units digit of g?
6
Suppose 90*b + 36 = 84*b. What is the tens digit of ((-219)/6)/(3/b)?
7
Let i be (-10)/(-200)*-12 - 43/(-5). Suppose -g - 4*d + 2*d + 945 = 0, 4*d + i = 0. What is the hundreds digit of g?
9
Suppose 3*k = 3*c + 20085, 3*k + 13*c = 17*c + 20082. What is the tens digit of k?
9
Let q = -36 - -41. Suppose 5*k - 17 = -z, q*k - 5*z - 3 = 2. What is the units digit of 210/k + 1 + 3?
4
What is the ten thousands digit of (6777/(-5) + 0)/(-5*18/1350)?
2
Let z be -150578 + (-48)/(-9)*(-36)/(-48). What is the hundreds digit of z/(-237)*6/4?
9
What is the ten thousands digit of 9 - (6 - 3475*8)*1?
2
Let i be ((-2047)/46)/((-4)/104). Let b = i + 9. What is the units digit of b?
6
Let s(r) = r**3 + 4832*r**2 - 2403*r**2 - 54*r - 2389*r**2 + 231. What is the units digit of s(-41)?
4
Let i(k) = -k**2 - 5*k + 4. Let a be i(-5). Suppose a*h - 38 = -374. Let p = 162 + h. What is the tens digit of p?
7
Suppose 4*f - 6 = -p, 4*p + 5*f - 8 - 5 = 0. Suppose -3*z + 2*z = -2*y + 855, p*y = -2*z + 870. What is the hundreds digit of y?
4
Suppose 3*f = -4*t + 17475, -5*t + 29125 = 5*f - 0*t. Suppose f = -62*n + 67*n. What is the hundreds digit of n?
1
Suppose 3*z + z + 5*f = -8, -2 = 2*z + 2*f. Suppose -5*a + i + 2608 = 2*i, -z*a - 3*i + 1560 = 0. Suppose 10*q - a = 4*q. What is the units digit of q?
7
Let g(l) = 11*l + 11. Let s be g(-1). What is the units digit of (-136)/(s + (-20)/12 + 1)?
4
Suppose 6*o - 72 = 6. Suppose 3*d - 69 = 3*f, -o = f - 2*d + 3*d. Let g(h) = -h**2 - 28*h - 37. What is the hundreds digit of g(f)?
1
Let g = -8 + 233. Let y be 2/(-3)*30/(-4). Suppose -y*t = 5, -4*j = -5*t + 8*t - g. What is the tens digit of j?
5
Let h be 671/33*((-8)/(-2) + 2). Let b = 167 + h. What is the tens digit of b?
8
Let l(b) = 1. Let u(y) = 3*y + 4. Let q(p) = -14*l(p) - 2*u(p). Let h be -7 - (-1)/(-5)*0. What is the units digit of q(h)?
0
Suppose 9*u + 0*v - 143969 = 2*v, 0 = 5*u - 2*v - 79989. What is the tens digit of u?
9
Let s be 111/18 + 2/(-12). What is the hundreds digit of (-16 + 25)/(s/194)?
2
Let z(i) = i**2 - 10*i + 1 + 1 + 3. Let c be z(10). Let u = 20 - c. What is the tens digit of u?
1
Suppose 0 = 53*z - 201*z + 837532. What is the hundreds digit of z?
6
Suppose -4*u = d - 118, 4*u + 3*d - 126 = 6*d. What is the tens digit of 9/6 + 2115/u?
7
Suppose -71 = -2*y + 99. Let k = y - -509. What is the units digit of k?
4
Let h(j) = -5*j**3 - 3*j + 2. Let z be h(1). Let d(l) = l**3 + 6*l**2 - 9*l - 12. Let o be d(z). Let p = o + 24. What is the tens digit of p?
6
Let j(v) = 3*v - 24. Let d be (0 - 0)*(-1)/2. Let f be j(d). Let i = -21 - f. What is the units digit of i?
3
Let u(r) = 40*r**2 - 87*r + 2. What is the tens digit of u(15)?
9
Let a(f) = -505*f + 3523. What is the tens digit of a(-9)?
6
Let y be 61/6 + (-3)/18. Let q be (-806)/(-2) + y/(-5). Let o = -272 + q. What is the hundreds digit of o?
1
Let l = -17687 - -18765. What is the hundreds digit of l?
0
Let z be 16/4 - (-3 + 264/(-3)). Let a = z - -462. What is the hundreds digit of a?
5
Let a(f) = 90899*f**3 + f**2 - 13*f + 10. What is the thousands digit of a(1)?
0
Suppose -627 = -2*s - 617. Suppose 3 = 5*a - 7. Suppose 5*f - a*j - 599 = -s*j, f - 127 = 3*j. What is the tens digit of f?
2
What is the tens digit of 3032/(3/(24*(3 - 1)))?
1
Suppose -27*n - 391368 = -73*n. What is the hundreds digit of n?
5
Suppose -4*u + 319667 = -0*g + g, 4*g - 319664 = -4*u. What is the thousands digit of u?
9
Suppose 5*t + 11 = u, 0*t = 2*u - t - 4. Let y be 1/(1/13*u). Let n(i) = 7*i - 16. What is the tens digit of n(y)?
7
Suppose -2*d - 11*d = 2*d. Suppose -5*c + 1513 = x, -5*c + x + 1517 = -d*x. What is the hundreds digit of c?
3
Let r(w) =